{"id":59,"date":"2022-11-19T15:48:20","date_gmt":"2022-11-19T12:48:20","guid":{"rendered":"https:\/\/market.gokhanavci.com.tr\/?page_id=59"},"modified":"2022-11-19T15:48:20","modified_gmt":"2022-11-19T12:48:20","slug":"hakkimizda","status":"publish","type":"page","link":"https:\/\/market.gokhanavci.com.tr\/index.php\/hakkimizda\/","title":{"rendered":"Hakk\u0131m\u0131zda"},"content":{"rendered":"<p>YouTube Kanal\u0131m i\u00e7in \u00fcretmi\u015f oldu\u011fum video i\u00e7eriklerine ula\u015fabilir, ayn\u0131 zamanda operasyon an\u0131lar\u0131m\u0131n yer ald\u0131\u011f\u0131 \u201c K\u00fcr\u015fad\u2019lar \u0130kiyakalar\u2019a Taaruz\u201d kitab\u0131m\u0131 sat\u0131n alarak okuyabilirsiniz.<\/p>\n","protected":false},"excerpt":{"rendered":"<p>YouTube Kanal\u0131m i\u00e7in \u00fcretmi\u015f oldu\u011fum video i\u00e7eriklerine ula\u015fabilir, ayn\u0131 zamanda operasyon an\u0131lar\u0131m\u0131n yer ald\u0131\u011f\u0131 \u201c K\u00fcr\u015fad\u2019lar \u0130kiyakalar\u2019a Taaruz\u201d kitab\u0131m\u0131 sat\u0131n alarak okuyabilirsiniz.<\/p>\n","protected":false},"author":1,"featured_media":0,"parent":0,"menu_order":0,"comment_status":"closed","ping_status":"closed","template":"","meta":{"footnotes":""},"class_list":["post-59","page","type-page","status-publish","hentry"],"_links":{"self":[{"href":"https:\/\/market.gokhanavci.com.tr\/index.php\/wp-json\/wp\/v2\/pages\/59","targetHints":{"allow":["GET"]}}],"collection":[{"href":"https:\/\/market.gokhanavci.com.tr\/index.php\/wp-json\/wp\/v2\/pages"}],"about":[{"href":"https:\/\/market.gokhanavci.com.tr\/index.php\/wp-json\/wp\/v2\/types\/page"}],"author":[{"embeddable":true,"href":"https:\/\/market.gokhanavci.com.tr\/index.php\/wp-json\/wp\/v2\/users\/1"}],"replies":[{"embeddable":true,"href":"https:\/\/market.gokhanavci.com.tr\/index.php\/wp-json\/wp\/v2\/comments?post=59"}],"version-history":[{"count":1,"href":"https:\/\/market.gokhanavci.com.tr\/index.php\/wp-json\/wp\/v2\/pages\/59\/revisions"}],"predecessor-version":[{"id":60,"href":"https:\/\/market.gokhanavci.com.tr\/index.php\/wp-json\/wp\/v2\/pages\/59\/revisions\/60"}],"wp:attachment":[{"href":"https:\/\/market.gokhanavci.com.tr\/index.php\/wp-json\/wp\/v2\/media?parent=59"}],"curies":[{"name":"wp","href":"https:\/\/api.w.org\/{rel}","templated":true}]}}